4. Let f(z) = -4*z - 79. Let v(j) = 6*f(j) - 5*k(j). Calculate v(t).
-4
Let q(c) = -20*c - 458. Let l be q(-24). Let i(w) = 13 + l - 30 - 2*w. What is i(7)?
-9
Let s(n) = -5*n**3 + 8*n - 17. Let y be s(0). Let x(m) = -m**3 - 17*m**2 - m + 1. Determine x(y).
18
Let h(n) = 5494*n**2 + 13*n + 47. Let o be h(-5). Let f(x) = x**3 - x - 2*x**2 - 137327 + o + 0*x. Give f(0).
5
Let z(b) = 3*b + 1. Suppose -2*v = n + 3, 3*n + v = 7*n + 12. Let r be 0 - -24*n/(-6*1). Suppose u - x - 7 = 0, -u = -4*x - 7 - r. Determine z(u).
10
Let v(w) be the first derivative of -w**2 + 24*w + 76. Let z be v(9). Let n(s) = 2*s - 8. Determine n(z).
4
Let z(f) be the third derivative of f**4/24 + f**3/6 - 415*f**2. Let u be 17/6 - (-12)/72. Let n be (-3 + u)*(-2)/(-4). Calculate z(n).
1
Let w = 2553 + -2546. Let u(c) = -4*c + 23. Calculate u(w).
-5
Let j(m) = -m**2 - 9*m - 3. Suppose -3*p + 124 - 16 = 0. Suppose -3 = -4*f + 5*q - 15, 3*f + 3*q = -p. What is j(f)?
5
Suppose 3*f = 3*b + 15, 3*f - f = -3*b + 15. Let s(t) = -f - 2*t + t + 1 + 0 + 2*t. Determine s(6).
1
Let v be -3 + 48/(11 + -3). Suppose 0 = 3*p - 5*y + v*y - 11, -3*p = 3*y - 36. Let u(l) = -l + 3. Determine u(p).
-4
Let d(x) = 3*x**3 + 3*x**2 - 4*x - 9. Let w(j) = j**2 - j - 1. Let t(k) = d(k) - 6*w(k). Let u = 9414 + -9412. What is t(u)?
13
Let x(z) be the third derivative of z**4/24 - z**3 + z**2. Suppose 0 = -2*l - 23 + 111. Let q = 50 - l. What is x(q)?
0
Suppose 40*z = 129*z + 102*z - 955. Let l(r) = -2*r**2 - 9. Calculate l(z).
-59
Let b(k) be the second derivative of k**3/6 - k**2 + 1622*k. Give b(4).
2
Suppose -2*n = -5*d - 36, 0 = -6*d + 2*n - 5 - 39. Let b(u) = 2*u**3 + 18*u**2 + 13*u + 11. Determine b(d).
35
Let d(m) = 25*m - 94. Let b be -39*(-20)/2600*10. Calculate d(b).
-19
Let k(i) = -i**3 + 6*i**2 + i - 1. Let u be k(6). Let y(w) be the first derivative of 7*w**2/2 - 7*w - 11369. Calculate y(u).
28
Let o(r) = -r**2 + 9*r + 11. Let f(m) = 2*m**2 - 79*m + 745. Let w be f(15). What is o(w)?
1
Let u = -10 - -4. Let v(l) = 5*l**2 - l + 11. Let b(d) = d**2 - d. Let z(g) = 6*b(g) - v(g). Let f(p) be the first derivative of z(p). Determine f(u).
-17
Let p(t) = 7*t**2 - 201*t - 295. Let i(g) = 15*g**2 - 440*g - 591. Let k(q) = 6*i(q) - 13*p(q). Give k(8).
9
Let x = -2 + 0. Let l(m) = 3*m**3 + 3*m**2 - 9*m + 4. Let w be l(3). Let f(s) = w - 87 - 127*s + 124*s. What is f(x)?
4
Let h(o) = 17*o**3 - 40*o**2 + 45*o - 44. Let g(s) = 7*s**3 - 18*s**2 + 22*s - 22. Let f(i) = 5*g(i) - 2*h(i). Calculate f(8).
10
Let h(m) = -317 - 5*m + m**2 + 849 - 260 - 266. Let p = -5 - -16. Let u = p + -7. Give h(u).
2
Let c(d) = 2*d**2 - 21*d + 51. Let l be (2 - ((-6)/18 - -1))/(2/6). Determine c(l).
-1
Let u be 4/(-5)*(-40)/24*60/(-20). Let x(c) = c**2 - 21. Determine x(u).
-5
Suppose 2*p = -2*y, y + 8*p = 3*p - 20. Let i be (-6 + y)*3*(-2)/(-6). Let v(n) be the second derivative of n**3/6 + 2*n. What is v(i)?
-1
Let d(v) = 2018*v + 2022*v - 30 - 4048*v. What is d(-17)?
106
Let f(z) be the first derivative of 1/4*z**4 + 8/3*z**3 + 11*z + 1/2*z**2 + 11. Let r(x) = -x**2 + 7*x - 8. Let k be r(7). What is f(k)?
3
Let s(d) = d**2 - 2*d - 7. Suppose -6*c = 2 + 4. Let u be 0 + 0 - (-4)/c. Let a(n) = -n**3 - 3*n**2 + 4*n + 5. Let w be a(u). Give s(w).
8
Let g(b) = -64*b - 32 - 59*b - 52*b + 180*b. Give g(5).
-7
Let i(c) = 6*c - 74. Let q be i(14). Let z(j) = 2*j - 11 - q - 9 + 28. Calculate z(0).
-2
Suppose -8 = -2*c - 0*n + 3*n, -3*c + 11 = -5*n. Suppose -c*t = -3*t - 24. Let d(l) = 2*l - l**3 - 8 + 2*l**2 + 3*l**2 + 0*l + 4*l. Give d(t).
-8
Let y(a) = -a**3 + 2*a**2 + 3*a + 5. Suppose 4*j - 68 = -0. Suppose 16 = 3*r + k - 5*k, -3*r = -5*k - j. What is y(r)?
-15
Let n be 1/(-1) + (4 - 1). Let c(q) = -54*q**n + q**3 + 16 + 30*q**2 - 1 - q + 25*q**2. What is c(0)?
15
Let b(j) = 100*j - 15. Let h(m) = 267*m - 46. Let g(i) = -8*b(i) + 3*h(i). Let t be (-2 - (-2 + 0)) + 13. Determine g(t).
-5
Let o = 21 - 29. Let s(z) be the second derivative of z**3 - 3/2*z**2 + 3/4*z**4 + 1/20*z**5 + 0 - 16*z. Determine s(o).
13
Let v = 170 - 120. Suppose -2*b + 2 = -4*y, 52 = 2*y + 2*b + v. Let o(m) = m**3 - m**2 + m + 14. What is o(y)?
14
Let b(c) = c**2 + 16. Suppose 22*g - 8 = 20*g. Suppose -g*m = -m + 6*m. Calculate b(m).
16
Let i(z) = -z - 9. Let n be (4/4)/(-1 + 2). Let x(f) = -f**2 - 35*f + 15*f + 21*f + n. Let c be x(3). Give i(c).
-4
Let k(w) = 293 - 29*w**2 + 16*w**2 + 3*w + 14*w**2 - 298. Determine k(2).
5
Let p(a) = 99*a**2 + 20*a - 11. Let n(t) = -51*t**2 - 11*t + 6. Let h(r) = 11*n(r) + 6*p(r). What is h(-1)?
34
Let c(r) = -r**3 - 5*r**2 + 5*r - 5. Let g(j) = -4*j**3 - 19*j**2 - 17*j - 8. Let y be g(-7). Let f = y - 558. Calculate c(f).
1
Let t = 49 + -50. Let a be t*((-16)/4 - -1). Suppose -16 = -a*j - 19. Let q(y) = 3*y**2 - 2*y - 1. Calculate q(j).
4
Let u(i) = -i**2 - 5*i - 8. Let h(f) = 2*f**2 + 5*f + 8. Let n(m) = 2*h(m) + 3*u(m). Suppose -41 = 3*d + 58. Let q = -27 - d. Give n(q).
-2
Let a(d) = 2*d**2 + 8*d + 9. Let r be a(-9). Suppose -w - 98 = -r. Let p(v) = 4*v + 1. Determine p(w).
5
Suppose -75 = -6*k + d - 15, 0 = 3*k - 2*d - 30. Let v(q) = 11*q + 6. What is v(k)?
116
Let j = 227096 - 227102. Let a(w) = -1 - 3*w**3 + 4*w + 7*w**2 + 8 + 4*w**3. Give a(j).
19
Let h be ((7/(-28))/((-2)/(-20)))/(10/(-16)). Let j(o) = -8*o - 1. Let a(c) = c**2 + 15*c + 3. Let r(b) = 3*a(b) + 7*j(b). What is r(h)?
6
Suppose 585*s + 278 - 278 = 0. Let x(z) be the first derivative of 17 - z**2 - 1/4*z**4 + 5/3*z**3 + s*z. Give x(3).
12
Let f = 86 + -83. Let s(x) = -4*x**2 - 2*x + 21 + 24 - x**2 - 44 + x**f. Calculate s(5).
-9
Suppose -27*f + 33*f - 12 = 0. Let x = -14 + 19. Let v(i) = -1 - 14*i + 3 + i**3 - x*i**2 + 14*i. Determine v(f).
-10
Let x be 1710/150*3*5. Let z = -184 + x. Let p(o) = o**3 + 12*o**2 - 14*o - 1. Calculate p(z).
12
Let p(s) = -3*s + 29 - 2 - s + s - 95. Give p(-19).
-11
Let d(p) be the first derivative of -p**4/4 + 2*p**3/3 + 11*p + 757. Determine d(0).
11
Let g(x) = -2*x**2 - 17*x - 18. Let r be g(-6). Let v(p) = -p**3 + 15*p**2 - 37*p. Give v(r).
-12
Let n be 20/(-15)*(-5 + 7 + -14). Let r be 1/(1 - 1/2). Let f(o) = -4*o + o**r - 18 + 29 - n. Determine f(6).
7
Let w(k) be the third derivative of 0*k + 1/10*k**5 - 7/6*k**3 - 4*k**2 + 0 + 1/12*k**4 + 1/120*k**6. Calculate w(-5).
8
Let k(c) be the second derivative of 0*c**3 + 6*c - 1/12*c**4 - 3*c**2 + 0. Let z be 8/(-16)*(0 + 0). What is k(z)?
-6
Let c be 9/12*(-1 + -15). Let h(s) be the third derivative of -s**5/60 - s**4/2 + s**3 - 2099*s**2. Determine h(c).
6
Suppose -62*y + 63*y - 4 = 0. Suppose -3*a = y + 2. Let w(f) = 3*f**3 - 2*f**2 - 6*f - 4. Let t(m) = m**3 - m. Let x(c) = a*t(c) + w(c). What is x(4)?
12
Let q(m) = 115*m**2 - 124*m - 1. Let o be q(1). Let a(l) = -l**3 - 11*l**2 - 5*l + 53. Calculate a(o).
3
Let s = 3521 + -3521. Let w(z) = -8*z - 7. Calculate w(s).
-7
Let q be 26*(1 - 3/2) - 7. Let n(x) = -x**3 - 22*x**2 - 41*x + 7. Determine n(q).
27
Let a(o) = 3*o**2 - 13*o - 13. Let m(c) = 6*c + 77. Let r be m(-12). Calculate a(r).
-3
Let t(l) = l + 5. Let b(z) be the third derivative of -z**3/2 - 5*z**2. Let x(k) = 5*b(k) + 3*t(k). Calculate x(-2).
-6
Let n(r) = 6*r - 3. Let i(k) = -k + 1. Let g(y) = -15*i(y) - 3*n(y). Let j(q) = 2*q - 1. Let x be (-7)/((-28)/(-12)) - 0. Let z be j(x). Calculate g(z).
15
Let n(b) = -3*b - 3. Let h(t) = -2*t - 3. Suppose -5*r + 5 = 0, -4*d = 4*r + r + 15. Let y(s) = d*n(s) + 6*h(s). Give y(-3).
-12
Let a(d) = d**3 + 5*d**2 - 6*d + 3. Suppose 3*w = 4*v + 4*w - 20, w = -5*v + 25. Suppose 0 - v = i. What is a(i)?
33
Suppose -5*a + 25 = 0, -75 = -5*p + 9*a - 13*a. Let y(s) = s**2 - 12*s + 19. Calculate y(p).
8
Suppose 5*c + 3*t + 156 - 145 = 0, 28 = -4*c + 4*t. Let m(p) = -p**3 - 4*p**2 - 9*p - 21. Determine m(c).
15
Suppose 5*z - 9 - 11 = 0. Let x(p) = -8*p**3 + 0 - 3 - 2*p**3 + p**2 + z - 2*p. Suppose -77*a = -0*a - 77. What is x(a)?
-10
Let t(v) = 2*v**3 - 11*v**2 + 3*v - 12. Let z(y) be the first derivative of y**4/4 - 5*y**3/3 + y**2/2 - 5*y - 46. Let p(q) = 4*t(q) - 9*z(q). What is p(3)?
-12
Let q(p) be the first derivative of -p**4/4 - 16*p**3/3 + 9*p**2 + 27*p + 1279. Determine q(-17).
10
Let i(p) = -p**3 + 12*p**2 - 15*p + 52. Let j be i(11). Let q be (j/(-4))/(-4)*(1 - 17). Let o(t) = 2*t + 6. What is o(q)?
-10
Let p